nd 586?
293
Calculate the greatest common factor of 15718935 and 120.
15
Calculate the highest common factor of 24510 and 7120.
10
What is the highest common factor of 1216 and 4154008?
152
Calculate the highest common divisor of 7313 and 50197.
71
What is the highest common divisor of 214 and 190268791?
107
Calculate the highest common divisor of 30 and 118344390.
30
Calculate the greatest common divisor of 321864415 and 1035.
115
Calculate the greatest common divisor of 64836 and 978354.
18
Calculate the greatest common divisor of 19627190 and 352.
22
Calculate the highest common divisor of 192 and 248531424.
96
What is the highest common factor of 118425 and 559725?
75
Calculate the highest common factor of 10941 and 26295912.
1563
What is the greatest common factor of 99752 and 51284997?
12469
Calculate the greatest common divisor of 10315893 and 11529.
1281
Calculate the highest common factor of 6775206 and 184434.
354
What is the greatest common divisor of 5607533 and 4117?
179
Calculate the highest common divisor of 7003038 and 21.
21
Calculate the highest common divisor of 1050 and 49501375.
175
Calculate the highest common divisor of 1346454 and 12834.
558
What is the highest common factor of 1165112 and 231608?
1768
What is the greatest common divisor of 2201322 and 102?
6
What is the greatest common factor of 260 and 104618410?
130
Calculate the highest common factor of 22317 and 7149.
3
Calculate the greatest common divisor of 941811 and 669693.
1767
Calculate the highest common factor of 96 and 630230736.
48
What is the highest common factor of 3017501 and 16845?
1123
What is the greatest common divisor of 119938 and 84?
14
Calculate the greatest common divisor of 1074940 and 276305.
3785
What is the greatest common divisor of 605556 and 2245292?
2492
What is the highest common factor of 36 and 3548694?
6
What is the highest common divisor of 624 and 961740000?
624
Calculate the greatest common divisor of 11718 and 3876922.
434
Calculate the highest common factor of 38794 and 573923.
1141
Calculate the highest common divisor of 278590 and 12142.
26
Calculate the greatest common divisor of 9258152 and 3056.
1528
What is the highest common factor of 517003614 and 18?
18
What is the highest common factor of 259549510 and 470?
470
What is the highest common divisor of 3172871 and 20529?
2281
What is the highest common divisor of 440 and 5996705?
55
Calculate the highest common divisor of 585231060 and 60.
60
Calculate the highest common divisor of 627481764 and 117.
117
Calculate the highest common divisor of 8169 and 15975841.
2723
Calculate the greatest common factor of 11 and 252061260.
11
Calculate the greatest common divisor of 1701 and 1622498850.
1701
What is the highest common divisor of 58706 and 17731?
149
What is the greatest common divisor of 12 and 6429027?
3
Calculate the highest common factor of 1458 and 3352338.
18
Calculate the highest common divisor of 56 and 10266248.
8
What is the greatest common factor of 84 and 405147183?
21
What is the greatest common divisor of 20826410 and 9086?
1298
Calculate the highest common factor of 411989 and 1818797.
167
What is the highest common factor of 165 and 214921685?
55
Calculate the greatest common divisor of 2 and 24850522.
2
Calculate the highest common factor of 4071927 and 1405851.
5601
Calculate the greatest common factor of 651 and 224557242.
651
What is the greatest common divisor of 22896 and 74624?
848
Calculate the highest common factor of 416830903 and 719.
719
What is the greatest common divisor of 137863927 and 2133?
79
What is the greatest common divisor of 1002 and 14853481?
167
What is the highest common factor of 175 and 152957?
7
Calculate the highest common factor of 5400 and 124632.
216
Calculate the highest common divisor of 1524609 and 324.
27
What is the highest common factor of 46 and 334898147?
23
Calculate the greatest common factor of 51748 and 53159.
17
What is the greatest common divisor of 554890 and 3010?
70
Calculate the greatest common divisor of 28356 and 526438592.
9452
What is the highest common divisor of 4162 and 158640873?
2081
What is the greatest common factor of 60164 and 30758?
338
Calculate the greatest common factor of 10192 and 12603136.
1456
What is the highest common factor of 23257124 and 890?
178
Calculate the highest common factor of 23800952 and 443394.
5474
What is the highest common factor of 2975568 and 75?
3
What is the greatest common divisor of 63315 and 145215?
315
What is the greatest common factor of 2240 and 2773330?
70
What is the highest common factor of 550712 and 60352?
7544
Calculate the highest common factor of 1480 and 159751940.
740
Calculate the greatest common factor of 242970507 and 741.
39
What is the highest common factor of 87 and 373?
1
Calculate the highest common factor of 274983 and 57723.
213
Calculate the greatest common divisor of 783755352 and 11016.
11016
Calculate the greatest common factor of 9376 and 25860766.
586
What is the greatest common divisor of 143 and 1540461?
13
What is the highest common factor of 60731 and 583?
11
Calculate the highest common factor of 190472118 and 4908.
2454
Calculate the highest common factor of 184716 and 9884.
28
What is the greatest common factor of 12048 and 290264432?
4016
What is the highest common divisor of 119290 and 797505?
395
Calculate the highest common divisor of 23733 and 15529.
293
Calculate the greatest common factor of 39570 and 753465.
15
Calculate the highest common factor of 1929473 and 30989.
1631
Calculate the greatest common divisor of 21584 and 6880042.
142
Calculate the highest common divisor of 139261584 and 6396.
492
What is the greatest common factor of 12714778 and 7859?
271
What is the highest common factor of 400 and 603495?
5
Calculate the greatest common factor of 2602794541 and 25282.
12641
Calculate the highest common divisor of 289172515 and 5.
5
Calculate the highest common factor of 22560 and 258720.
480
Calculate the highest common divisor of 83 and 5105413.
83
What is the greatest common factor of 313584 and 2544?
48
What is the highest common factor of 2682 and 4222362?
894
Calculate the greatest common factor of 3247081 and 57.
19
Calculate the highest common divisor of 4768 and 3940603.
149
Calculate the highest common factor of 25621952 and 105408.
3904
Calculate the greatest common factor of 6608 and 8564.
4
What is the highest common factor of 675 and 248840775?
675
What is the greatest common factor of 54 and 91355499?
27
Calculate the greatest common divisor of 3680405 and 35.
5
What is the greatest common divisor of 1236317066 and 502?
502
What is the highest common divisor of 10056888 and 48?
24
What is the greatest common factor of 400398 and 454?
2
Calculate the greatest common divisor of 59900379 and 231.
231
Calculate the greatest common divisor of 1582602 and 54.
6
What is the highest common factor of 23 and 12411145?
23
Calculate the greatest common divisor of 3994376 and 20151.
2239
Calculate the highest common factor of 164947910 and 10.
10
Calculate the greatest common factor of 96712 and 2048.
8
Calculate the highest common divisor of 35883742 and 38.
38
What is the highest common factor of 404238 and 1167858?
534
What is the greatest common divisor of 144 and 1069128?
72
What is the greatest common factor of 21398818 and 4042?
94
What is the highest common factor of 1947 and 15912732?
33
Calculate the greatest common factor of 1859781 and 776.
97
Calculate the highest common factor of 15426 and 3492.
18
What is the highest common divisor of 16198116 and 1068?
12
Calculate the highest common factor of 148 and 768664.
4
Calculate the highest common divisor of 9 and 11643813.
9
What is the highest common factor of 80 and 5627890?
10
Calculate the highest common divisor of 2619 and 801441.
27
What is the highest common divisor of 865 and 671380?
5
Calculate the highest common factor of 6188 and 293762924.
6188
Calculate the greatest common factor of 72250 and 13220.
10
What is the highest common divisor of 1231536 and 384?
48
Calculate the highest common factor of 2075 and 15600.
25
Calculate the greatest common factor of 74800 and 101310.
110
What is the greatest common factor of 135960 and 4224